1
Let t(v) be the first derivative of v**3/3 - 2*v**2 + v - 1. Suppose 0 = -4*g + 7 + 1. Calculate t(g).
-3
Let z(j) be the first derivative of -j**3/3 + j**2 + 8*j - 44. Give z(6).
-16
Let c(s) be the first derivative of -s**2/2 - 5*s - 2. Let j = -21 - -26. Determine c(j).
-10
Let f(i) = -34*i**2 + 11*i - 11. Let h(m) = 11*m**2 - 4*m + 4. Let d(j) = 3*f(j) + 8*h(j). Give d(1).
-14
Let u = 7 + -4. Let g be 27/(-2 + -1) + u. Let k(b) = 3*b + 5. Determine k(g).
-13
Let j(y) = -6*y**2 - 4. Let q(x) = -7*x**2 + x - 5. Let k(z) = -6*j(z) + 5*q(z). What is k(-3)?
-7
Let v(m) = -m**3 - 7*m**2 - 8*m - 9. Let q(r) be the first derivative of r**4/4 + 2*r**3/3 - r**2 - 3*r + 4. Let s be q(-3). Give v(s).
3
Let o(g) = -g + 5. Let w be o(6). Suppose -z = -1 - 1. Let i(b) = 3*b**z - 2*b**2 + b**2. Give i(w).
2
Let h = 5 - 0. Let y(f) = 5*f - 7. Let c(k) = k. Let u(l) = -4*c(l) + y(l). Calculate u(h).
-2
Let f(o) be the third derivative of o**4/24 - 2*o**3/3 - 2*o**2. Let j = 9 + -14. Determine f(j).
-9
Let z(t) be the third derivative of 1/24*t**4 - 1/3*t**3 + 0 - 2*t**2 + 0*t. Calculate z(0).
-2
Let w(a) = 5*a - 3*a - 3*a**2 - 2*a + 1. Calculate w(2).
-11
Let x(f) = -7*f - f**3 - 7 + 1 - 6 + 16 - 8*f**2. Give x(-7).
4
Let j(f) = -f**2 + f + 1. Let h(z) = -6*z**2 + 4*z + 2. Let v = 17 + -16. Let q(s) = s**2 - 5. Let a be q(0). Let m(l) = a*j(l) + v*h(l). What is m(0)?
-3
Let j = 9 - 18. Let r = j + 4. Let y(c) be the third derivative of -c**4/24 - c**3 + 2*c**2. What is y(r)?
-1
Let y(n) = -2*n**2 - 4 + n**2 + 1 + 1. Suppose 0 = 5*w - 4*a + 4, 0*w + 5 = w + 5*a. What is y(w)?
-2
Let f(u) = u**3 - 7*u**2 + 8*u - 5. Suppose -6 = -w + h, 4*h - 12 = -0*w - 2*w. Give f(w).
7
Let z(u) be the third derivative of -u**6/120 - u**4/8 + u**3/2 - 36*u**2. What is z(2)?
-11
Let s(t) be the third derivative of 2/3*t**3 + 0 - 1/60*t**5 + 0*t - 2*t**2 - 5/24*t**4. Determine s(-5).
4
Let b = 15 + -8. Let u = b + -5. Let c(s) = -s**u + 2*s**2 - 1 + 2. Determine c(-2).
5
Let g(p) = p**3 + 216*p**2 - p + 0*p**3 + 6 - 215*p**2 - 2*p**3. Determine g(0).
6
Let t = -1 - -4. Suppose -3*r = -4*o - 28, 5*o + 36 - 8 = 2*r. Let z(l) = 0 + r + l - 4. What is z(t)?
3
Let b(o) be the second derivative of -o**6/720 - o**5/120 + o**4/4 - 5*o. Let y(g) be the third derivative of b(g). Give y(-3).
2
Let w = 8 - 5. Let u(t) be the second derivative of t**5/20 - 5*t**4/12 + 5*t**3/6 - t**2 + 42*t - 1. Determine u(w).
-5
Let l(k) = k - 5. Let i = -7 - -12. Let p be 2/i + 72/20. Calculate l(p).
-1
Let v(s) = s**3 + 4*s**2 - 5*s + 4. Let j(x) = -5*x. Let h be j(1). Give v(h).
4
Let r(f) = f**3 - 4*f**2 - 1 + 3*f + 0 + 0. Suppose u - 1 = 1. Let k be (-18)/4*u/(-3). Determine r(k).
-1
Let h(o) = -5*o**2 - 7*o**3 - o + 5*o**3 + o**3 + 4*o + 6. Let g = -8 + 3. Determine h(g).
-9
Let n(l) = -10*l**3 - 3*l**2 - 1. Let d(k) = -29*k**3 - 10*k**2 - 4. Let i(p) = -2*d(p) + 7*n(p). What is i(-1)?
12
Let q(y) = y**3 + 7*y**2 - y - 1. Let o(g) = g**3 + 9*g**2 + 7*g - 15. Let x be o(-8). What is q(x)?
6
Let f(r) = -r**2 - 2*r. Let h = 26 - 27. What is f(h)?
1
Let d be ((-18)/3)/(4/(-2)). Let n be (2 - 2) + d + -8. Let m(y) = y**3 + 5*y**2 + 2*y + 1. Calculate m(n).
-9
Let s be (-2)/(-7) - 9/7. Let f(o) = o**3 + o**2 - o. Let b(v) = 5*v**3 + 8*v**2 - 7*v + 3. Let d(a) = s*b(a) + 4*f(a). Suppose -4*x = 10 + 10. Give d(x).
7
Let u(y) = y + 5. Let z(d) = -d - 4. Suppose -5*q - 2*f = 44, -5*q + 5*f - 13 = 17. Let i be z(q). What is u(i)?
9
Let f(b) = 6*b**3 - 3*b**3 - 2*b**3 + b + 6*b**2 + b - 2. Let d = 1 + -6. Determine f(d).
13
Let d(w) be the third derivative of w**5/60 + w**4/6 - 2*w**3/3 + 2*w**2. Suppose 12 + 13 = -5*t. Let a be d(t). Let i(h) = 4*h**2 + h - 1. What is i(a)?
4
Suppose -3*c - 4*f - f = 19, 3*c + 4*f + 14 = 0. Let s be (-1 - -1) + c + 1. Let n(u) = 0*u**2 - 2*u - 4*u**2 - u**s + 4*u + 1 + 0*u. What is n(-4)?
-7
Let z(b) be the first derivative of -1/4*b**4 + 2 - 5/3*b**3 - 2*b + 0*b**2. What is z(-5)?
-2
Let t(x) = -x**2 - 2*x - 2. Suppose 5*f + 7 = -3*y, 6*f - 5 = f. Determine t(y).
-10
Let x(s) = 5*s - s - 3*s. Let u = 3 + 0. What is x(u)?
3
Let k(d) = 2*d + 1. Suppose 5*i = -4*v - 0*i + 1, -2*v - 3*i - 1 = 0. Suppose -4*x = 5*t - 33, -x + 5*x + 17 = 5*t. Suppose t*h = v + 1. Determine k(h).
3
Let s(m) = 2*m + 5. Let l(h) = -h - 2. Let n(t) = 5*l(t) + 3*s(t). Let j(x) = -x**3 + 12*x**2 - 3*x + 30. Let y be j(12). Calculate n(y).
-1
Let f(h) = h**3 - 4*h**2 + 2*h - 5. Let k be f(4). Let x(m) = -5 + m**3 - 4*m**2 + k + 0 - m. Let p(z) = -z - 1. Let l be p(-5). Calculate x(l).
-6
Let d(h) = h**2 + 5*h + 1. Let p(m) = 3*m + 9. Let r be p(-5). What is d(r)?
7
Let k(t) be the third derivative of t**5/60 - t**4/8 - 5*t**3/6 - 6*t**2. Give k(4).
-1
Let k(u) be the first derivative of u**4/4 + u**3/3 + u**2/2 - 7*u + 3. Give k(0).
-7
Let f(b) be the second derivative of 0*b**3 + 0 - 1/12*b**4 - 2*b + 2*b**2. Give f(3).
-5
Let g(c) = -1 + 5 + 4*c - 5*c - 2. Calculate g(6).
-4
Let r(n) = -n - 3. Let t(z) = -z**3 + 7*z**2 + 9*z - 6. Let a be t(8). Suppose -3*i = 4*o + 19, 2*i - 2*o + 6 = a*o. What is r(i)?
2
Let i(p) be the third derivative of p**5/60 - p**4/12 + p**3/6 + 10*p**2. What is i(3)?
4
Let s(w) = 2*w**2 + w - 2. Let t be s(-2). Let y(b) = b - 2. Let k be y(t). Let n(z) = -k*z + z + 2*z. Give n(0).
0
Let f(w) = -w**2 + 4*w - 1. Let h(l) = 22*l - 4. Let d be h(-4). Let o be 1/3 + d/(-12). Suppose o = 3*j - 1. Determine f(j).
2
Suppose -5*l - 5*k = -28 + 8, 4*k + 20 = 5*l. Let d(b) = b**2 - 3*b - 2. Calculate d(l).
2
Let z(y) be the first derivative of y**4/4 + 4*y**3/3 - 2*y**2 + 4*y + 3. Give z(-5).
-1
Let b(k) = -2*k**2 - 3*k + 7. Let g(h) = -h**2 - 3*h + 6. Let w(i) = -2*b(i) + 3*g(i). Let a(q) = 2*q - 9. Let f be a(6). Calculate w(f).
4
Let d(c) be the first derivative of -2*c**4 - c**3/3 + c**2 - c - 3. What is d(1)?
-8
Let d(i) be the second derivative of i**5/20 - 5*i**4/12 + 5*i**3/6 - 6*i. Let u = 13 + -9. Determine d(u).
4
Let j(a) = -5*a**3 - 13*a**2 + a - 9. Let q(d) = -d**3 - d**2 - d - 1. Let p(f) = j(f) - 6*q(f). Determine p(6).
3
Suppose 3*v + 14 = -1. Let r(b) = -b - 2. Give r(v).
3
Let g be ((-8)/(-5))/(3/30). Suppose -g = t - 13. Let d(s) be the first derivative of -s**4/4 - 4*s**3/3 - s**2/2 - s - 1. Determine d(t).
-7
Let h be -1 + 1 + 14/7. Let y(x) = 1 + 0*x - h + x - 1. Let v(m) = m**2 + 7*m + 2. Let p be v(-6). Calculate y(p).
-6
Let q = 11 - 8. Let m(v) = -2 - 3*v - q + v**2 + 0. Let b = -10 - -14. Give m(b).
-1
Let f(a) = -3*a**2 - 2*a - 3. Let n(t) = -3*t**2 - 2*t - 2. Let s be 56/(-10) - 10/25. Let y(z) = s*n(z) + 5*f(z). What is y(2)?
13
Let w(i) be the third derivative of 1/12*i**4 + 0*i + 0 + 7*i**2 - 1/3*i**3. Suppose -4*u + 2 - 10 = 0. Calculate w(u).
-6
Let u(h) be the second derivative of -h**5/20 + h**4/12 - h**3/6 + h**2 - 4*h. Give u(2).
-4
Let i = 5 - 0. Let m(z) = -z**2 + 3*z + 7. Give m(i).
-3
Let k(x) be the third derivative of x**5/60 + x**4/8 - x**3/3 - x**2. Give k(-3).
-2
Let f(t) = -t + 3. Suppose 0 = -15*j + 30*j + 75. Determine f(j).
8
Let i(q) = 5*q**2 + 2*q - 1. Let t(u) = -4*u**2 + 0*u + 0*u - 2*u + 1. Let p(k) = -6*i(k) - 7*t(k). Let x be ((-2)/(-2 + 3))/(-2). Calculate p(x).
-1
Let u(q) = q**3 - 6*q**2 - 5*q - 12. Let n be u(7). Let o(y) = y**3 - 3*y**2 + 3*y - 3. Give o(n).
-1
Let v be (6/(4 + -22))/(1/(-3)). Let j(f) = 7*f**3 - 2*f**2 + 1. Calculate j(v).
6
Let n = 20 + -24. Let z(b) = b**2 + 5*b - 3. What is z(n)?
-7
Let v(l) = -7*l**2 - l**3 - 8 + 0*l**3 + 14 + 0*l**3 - 5*l. Give v(-6).
0
Let f(g) = g**3 - 6*g**2 + g + 2. Suppose 0 = -5*q + 6 + 24. Give f(q).
8
Let n(y) = y**2 - 1. Suppose 4*w - w - 6 = 0. Suppose 4*z = -4*v - 2 - w, -3 = -4*v + 3*z. Calculate n(v).
-1
Let h be (-2)/9 + 47/9. Let m(r) = -6*r**3 - 5 + h + r**3. Suppose 2 = -4*j - 2. Calculate m(j).
5
Let a(m) = 1 - 9 + 2*m - 3*m + 5. Let q = 2 - 2. Calculate a(q).
-3
Let d(o) be the first derivative of -5*o**2/2 - 3*o + 1. What is d(3)?
-18
Let n(h) = -h**3 - 4*h**2 + 2*h - 5. Let g be (4/8)/((-2)/144). Let x = g - -19. Let q = 12 + x. Give n(q).
10
Let v = -7 - -1. Let b(c) be the first derivative of c**2 + 8*c - 2. What is b(v)?
-4
Suppose -2*t - 14 = -h - 3*t, -58 = -5*h - 2*t. Let r(q) = -q**2 + 10*q + 3. What is r(h)?
3
Let q(r) be the first derivative of r**2 